 to base 5
1311042
What is 12652035 (base 8) in base 13?
785634
-312111122 (base 4) to base 7
-1614563
Convert 10000101101100111100 (base 2) to base 3.
1000211020010
What is -119691 (base 12) in base 2?
-1000101110110001101
Convert 584102 (base 9) to base 11.
21a568
Convert -17771 (base 8) to base 11.
-6171
Convert 161c620 (base 14) to base 5.
10233012103
226725 (base 9) to base 3
20220210212
Convert -3031301 (base 7) to base 2.
-1011000000011000001
What is 2332233 (base 5) in base 16?
a742
37128 (base 11) to base 14
15659
What is -12301103 (base 4) in base 13?
-c812
Convert 14154023 (base 6) to base 13.
13b336
What is -10001101002 (base 3) in base 15?
-12bd5
120140 (base 12) to base 16
46ec0
201012210 (base 3) to base 9
21183
11111101111110110011 (base 2) to base 16
fdfb3
What is d1fa2 (base 16) in base 5?
210010231
-113120003 (base 4) to base 5
-11030442
Convert 1200203133 (base 4) to base 2.
1100000100011011111
Convert -2082253 (base 10) to base 5.
-1013113003
56174 (base 11) to base 9
133576
Convert -1937036 (base 10) to base 2.
-111011000111010001100
What is -31010022210 (base 4) in base 12?
-1192030
What is -7f5bb2 (base 16) in base 5?
-4114042141
Convert 202303 (base 8) to base 6.
1233015
What is -1929427 (base 11) in base 6?
-153533310
Convert -35860 (base 15) to base 9.
-280060
What is -32040041 (base 7) in base 16?
-296fa8
Convert 33adb (base 15) to base 6.
3305212
110110001001111101011 (base 2) to base 16
1b13eb
What is 1d2402 (base 15) in base 7?
15053651
Convert -30024314 (base 5) to base 6.
-5021321
Convert -1000110100100011 (base 2) to base 11.
-25167
Convert -1012012011120 (base 3) to base 6.
-21325240
-23134103 (base 5) to base 9
-347186
What is -34334105 (base 6) in base 10?
-1054553
What is 186107 (base 14) in base 5?
210034234
2044024 (base 5) to base 3
1202000001
Convert -20202143 (base 7) to base 2.
-110011010100000111010
100000001101000000100001 (base 2) to base 8
40150041
What is 1314011 (base 6) in base 11?
4a232
What is 150888 (base 13) in base 16?
7ddea
Convert 4880a4 (base 11) to base 8.
2743776
Convert 2111121120000 (base 3) to base 12.
5421a6
-10001001110010000100 (base 2) to base 6
-20032432
Convert -aa0b05 (base 14) to base 11.
-3288000
What is 214456 (base 7) in base 4?
21023320
What is 110610662 (base 7) in base 12?
22a8785
Convert 100000001010001100111 (base 2) to base 3.
1222112112121
Convert -121120 (base 11) to base 2.
-101110110100111111
-101000111001100000 (base 2) to base 5
-20330040
-434402 (base 16) to base 5
-2112031242
What is 31562221 (base 7) in base 2?
1010010000001000011110
Convert -4ed6de (base 16) to base 5.
-2310314224
Convert -62332163 (base 7) to base 14.
-9a3ada
What is -10000112102000 (base 3) in base 12?
-654876
What is 1103201313 (base 4) in base 12?
145bb3
Convert -40050 (base 12) to base 13.
-2ba1c
What is -d015d (base 16) in base 12?
-3512a5
Convert 10010101110111001110110 (base 2) to base 15.
67005a
What is 1995895 (base 10) in base 8?
7472167
What is 11101010010011110100110 (base 2) in base 15?
a19dc7
101101101001001010010111 (base 2) to base 10
11965079
What is -3d4b35 (base 16) in base 9?
-7502186
Convert -102322120122 (base 4) to base 10.
-4957722
148a966 (base 11) to base 9
4712284
300312110110 (base 4) to base 13
2864776
What is 48c372 (base 16) in base 15?
642dd6
What is -684606 (base 9) in base 16?
-6424e
1715386 (base 9) to base 5
221032221
100002202012 (base 3) to base 2
101011101111001110
-13103240 (base 7) to base 4
-10203213110
12328565 (base 9) to base 3
102100222122012
Convert -265493 (base 10) to base 8.
-1006425
Convert -101012021120 (base 3) to base 16.
-30fe7
What is 1012110020210 (base 3) in base 13?
1949a6
What is -267003 (base 8) in base 14?
-2620b
Convert -1100001100000011100001 (base 2) to base 13.
-87b3c4
420324300 (base 5) to base 8
6462636
1288304 (base 9) to base 7
6006310
c80e0b (base 15) to base 13
1c84637
Convert 3117 (base 10) to base 2.
110000101101
What is -458700 (base 9) in base 7?
-2224626
Convert -22220203 (base 4) to base 12.
-21257
-63054 (base 8) to base 6
-321032
What is 1506100 (base 7) in base 16?
31c0f
-1155023 (base 6) to base 13
-222ba
What is -8738553 (base 9) in base 7?
-54604626
Convert 7849963 (base 10) to base 7.
123503122
Convert 101010100110101 (base 2) to base 9.
32826
What is -11002220122021 (base 3) in base 5?
-1024324332
What is -5887a5 (base 14) in base 16?
-2e148d
Convert -101102110 (base 4) to base 2.
-10001010010010100
What is -107337 (base 12) in base 15?
-526bd
Convert 460522 (base 7) to base 16.
13fe7
67778 (base 14) to base 3
110202120001
-312300331 (base 5) to base 11
-801809
What is -1207867 (base 15) in base 16?
-c55ef1
2122012013 (base 4) to base 6
21310035
Convert 649238 (base 12) to base 5.
401414240
3464973 (base 10) to base 5
1341334343
-135174 (base 9) to base 7
-462412
-1195852 (base 11) to base 6
-112224513
-1341444 (base 5) to base 14
-a181
-10110010010000110011 (base 2) to base 9
-1332532
Convert 30111323123 (base 4) to base 12.
110050b
504445 (base 6) to base 2
1001101111101101
-1121213000 (base 4) to base 7
-3056042
What is -5368aa7 (base 11) in base 16?
-900e0b
What is 200012200210 (base 3) in base 13?
c71ca
Convert -16341633 (base 7) to base 10.
-1590123
1b06 (base 12) to base 9
4486
What is -214102412 (base 5) in base 14?
-1a132d
What is -102222022002120 (base 3) in base 12?
-216a706
-131103 (base 8) to base 14
-128b9
-5540520 (base 9) to base 10
-2979117
What is 27052 (base 13) in base 11?
4a581
-4c1bc (base 16) to base 12
-1304a4
-11104101 (base 7) to base 10
-959421
What is 56a1c (base 16) in base 14?
93460
-8d66d (base 14) to base 9
-574225
Convert 140157 (base 9) to base 10.
85426
-c947 (base 14) to base 13
-12a86
What is 223102201 (base 5) in base 10?
987801
11785a (base 14) to base 3
1010100001200
What is -184013 (base 10) in base 15?
-397c8
5bc826 (base 13) to base 10
2198384
What is 312713 (base 12) in base 7?
6362613
What is 8017 (base 14) in base 8?
52725
-5b3ecb (base 15) to base 12
-15673a8
What is 6040 (base 9) in base 12?
2676
Convert 10111011001010010 (base 2) to base 11.
65aa5
What is 85027 (base 9) in base 15?
1198d
1212200022202 (base 3) to base 14
1bd748
-31511313 (base 7) to base 13
-728889
458bb (base 12) to base 16
16acf
Convert 32401132 (base 5) to base 11.
1800a3
What is 23030013 (base 4) in base 9?
68773
Convert -421442054 (base 6) to base 14.
-d98bd0
What is 47e1c (base 15) in base 13?
804a8
-20000202220 (base 3) to base 11
-81175
What is -139aa4 (base 12) in base 11?
-204604
Convert 1313030313 (base 4) to base 16.
77337
Convert -260306 (base 7) to base 16.
-bc2d
Convert 1313b7 (base 13) to base 10.
459830
What is -21222222000 (base 3) in base 16?
-266fd
-440351 (base 6) to base 15
-abd7
Convert -120510445 (base 6) to base 5.
-1040423322
-1517a (base 14) to base 2
-1100110011011000
154004304 (base 6) to base 12
1116694
What is 1011012221202220 (base 3) in base 8?
77226003
What is 1011011110101110100 (base 2) in base 8?
1336564
2c4ae5 (base 15) to base 11
1233529
Convert -ec3e3 (base 16) to base 4.
-3230033203
Convert 291887 (base 12) to base 6.
22421451
What is 41715411 (base 8) in base 16?
879b09
-73a67 (base 11) to base 5
-11422023
What is -620651 (base 9) in base 6?
-11515244
Convert 834d4d (base 14) to base 6.
234551521
Convert -110001101100100 (base 2) to base 15.
-7814
652356 (base 11) to base 15
158db7
51410555 (base 6) to base 16
169127
Convert -a5b4 (base 13) to base 10.
-22962
What is 3140200224 (base 5) in base 14?
c2dc50
What is -22120202021 (base 4) in base 2?
-1010011000100010001001
What is 56fe57 (base 16) in base 9?
11648524
-371724 (base 12) to base 6
-31100444
Convert 103725 (base 8) to base 6.
424553
80125 (base 11) to base 5
12223101
Convert -1773513 (base 9) to base 8.
-3624043
What is -5aaa3a (base 14) in base 4?
-23311200030
What is 1255550 (base 9) in base 7?
5556165
Convert -541169 (base 10) to base 16.
-841f1
Convert 1001111101110001010 (base 2) to base 15.
66b43
What is 8328831 (base 10) in base 5?
4113010311
Convert 45252 (base 14) to base 12.
81174
What is -85629 (base 10) in base 6?
-1500233
Convert 1980417 (base 11) to base 5.
1323314100
What is 730830 (base 12) in base 8?
6705644
eff33 (base 16) to base 9
1757168
What is -195898 (base 13